{"id":2842,"date":"2025-04-07T10:50:02","date_gmt":"2025-04-07T08:50:02","guid":{"rendered":"https:\/\/terrainweb.sk\/?mec-events=agresivita-u-deti-v-kontexte-komplexnej-traumy"},"modified":"2025-06-19T13:39:18","modified_gmt":"2025-06-19T11:39:18","slug":"agresivita-u-deti-v-kontexte-komplexnej-traumy","status":"publish","type":"mec-events","link":"https:\/\/terrainweb.sk\/?mec-events=agresivita-u-deti-v-kontexte-komplexnej-traumy","title":{"rendered":"Agresivita u det\u00ed v kontexte komplexnej traumy"},"content":{"rendered":"<p><em>Terrain s.r.o. v spolupr\u00e1ci s TerrainPro s.r.o. v\u00e1s poz\u00fdvaj\u00fa na online worksop pod veden\u00edm Any Gomez<\/em><\/p>\n<p>Poz\u00fdvame V\u00e1s na online workshop <strong>Agresivita u det\u00ed v kontexte komplexnej traumy<\/strong> pod veden\u00edm psychoterapeutky<strong> Any M. G\u00f3mez,<\/strong> ktor\u00e1 sa dlhodobo venuje t\u00e9me traumy, predn\u00e1\u0161a a\u00a0vedie semin\u00e1re po celom svete.<br \/>\n<strong>Workshop bude veden\u00fd v anglickom jazyku s prekladom do sloven\u010diny.<\/strong> Materi\u00e1ly, ktor\u00e9 \u00fa\u010dastn\u00edci obdr\u017eia bud\u00fa prelo\u017een\u00e9 do slovensk\u00e9ho jazyka.<\/p>\n<h2><span style=\"color: #0000ff;\"><em><a style=\"color: #0000ff;\" href=\"https:\/\/docs.google.com\/forms\/d\/e\/1FAIpQLSd6_RApofJ8xMLdC8K38d7kuJ5mXnznwxwTjG0ZqR14d5dJDw\/viewform?usp=preview\"><span style=\"text-decoration: underline;\">Online prihl\u00e1senie TU\/\u00a0link for registration\u00a0<\/span><\/a><\/em><\/span><\/h2>\n<p><strong><em>Workshop je ur\u010den\u00fd v\u0161etk\u00fdm odborn\u00edkom, ktor\u00ed pracuj\u00fa s de\u0165mi a rodinami v terapeutickej praxi, v poradenstve, s rodinami v n\u00e1hradnej a pest\u00fanskej starostlivosti a zauj\u00edma ich t\u00e9ma traumy.\u00a0<\/em><\/strong><\/p>\n<p>Toto vzdel\u00e1vanie je vo\u013en\u00fdm pokra\u010dovan\u00edm posledn\u00e9ho vzdel\u00e1vania s Anou Gomez, ktor\u00e9 bolo zameran\u00e9 na adapta\u010dn\u00e9 mechanizmy. Absolvovanie predch\u00e1dzaj\u00faceho vzdel\u00e1vania v\u0161ak nie je podmienkou, workshop je otvoren\u00fd pre v\u0161etk\u00fdch odborn\u00edkov, ktor\u00ed pracuj\u00fa s traumou.<\/p>\n<p>Agresivita v kontexte komplexnej traumy: f\u00e1zovo orientovan\u00fd a multimod\u00e1lny pr\u00edstup<br \/>\nKa\u017edodenn\u00e9 fungovanie traumatizovan\u00fdch det\u00ed prin\u00e1\u0161a ve\u013ek\u00e9 po\u017eiadavky na ich samoregul\u00e1ciu (seba \u2013 organiz\u00e1ciu). Agresivita (ako vyjadrenie obrany) tak sl\u00fa\u017ei na splnenie n\u00e1rokov spolu\u017eitia s okol\u00edm. Jednou z najv\u00e4\u010d\u0161\u00edch v\u00fdziev v pr\u00e1ci detsk\u00fdch terapeutov, je pr\u00e1ve agresivita zameran\u00e1 na in\u00fdch. Tieto deti \u201enes\u00fa\u201c impulz\u00edvne reakcie, rigidn\u00e9 formy sebaochrany, internaliz\u00e1ciu zra\u0148uj\u00facich vz\u0165ahov\u00fdch os\u00f4b a \u010dasti p\u00e1chate\u013ea, neist\u00e9 a dezorganizovan\u00e9 vn\u00fatorn\u00e9 pracovn\u00e9<br \/>\nmodely, <strong>dysregulovan\u00e9 auton\u00f3mne stavy a hanbu.<\/strong><br \/>\nT\u00e1to prezent\u00e1cia poskytne teoretick\u00fd a klinick\u00fd r\u00e1mec na porozumenie a mo\u017enosti pr\u00e1ce s agresivitou a hostilitou u det\u00ed. Sprostredkujeme v\u00e1m tipy a pr\u00edklady ako pracova\u0165 s nepriate\u013esk\u00fdmi a agres\u00edvnymi \u010das\u0165ami u det\u00ed, s\u00a0re\u0161pektom k ich v\u00fdvinov\u00fdm kapacit\u00e1m.<\/p>\n<p><em><strong>D\u00e1tum: 27.06.2025<\/strong><\/em><br \/>\n<em><strong>Miesto: online priestor-platforma ZOOM<\/strong><\/em><br \/>\n<em><strong>Cena: 130 Eur<\/strong><\/em><br \/>\n<em><strong>\u010casov\u00fd rozsah: za\u010diatok o 14,00hod. (registr\u00e1cia sa otv\u00e1ra 13:30), predpokladan\u00fd koniec medzi 21,00 a 22,00hod.\u00a0<\/strong><\/em><\/p>\n<h3><em><strong>Zo stretnutia nebudeme vyhotovova\u0165 zvukov\u00fd ani obrazov\u00fd z\u00e1znam.<\/strong><\/em><\/h3>\n<p><strong><em>O lektorke:<\/em><\/strong><\/p>\n<p><strong>Ana M G\u00f3mez<\/strong> \u2013 MC, LPC je zakladate\u013ekou a riadite\u013ekou in\u0161tit\u00fatu AGATE vo Phoenixe, AZ. Je psychoterapeutkou, autorkou a medzin\u00e1rodne predn\u00e1\u0161a o komplexnej a v\u00fdvinovej traume u det\u00ed a adolescentov, genera\u010dnej traume a disoci\u00e1cii a o ich lie\u010dbe. Ana viedla workshopy a \u0161kolenia<br \/>\nvenovan\u00e9 odbornej verejnosti po celom svete. Je \u010dlenkou Medzin\u00e1rodnej spolo\u010dnosti pre \u0161t\u00fadium traumy a\u00a0disoci\u00e1cie (ISSTD).<br \/>\nAna je taktie\u017e autorkou EMDR terapie zameranej na pr\u00e1cu s de\u0165mi v oblasti komplexnej traumy, vz\u0165ahovej v\u00e4zby a\u00a0disoci\u00e1cie a\u00a0autorkou \u010dl\u00e1nkov o\u00a0vyu\u017eit\u00ed EMDR terapie u\u00a0det\u00ed a\u00a0adolescentov.<br \/>\nNap\u00edsala viacer\u00e9 detsk\u00e9 kni\u017eky, vyvinula mno\u017estvo intenz\u00edvnych tr\u00e9ningov\u00fdch programov a protokolov, ktor\u00e9 zah\u0155\u0148aj\u00fa EMDR \u2013 Sandtray Protokol a Systemick\u00fd protokol, EMDR \u2013Informovan\u00fd program na lie\u010dbu medzigenera\u010dnej traumy a vz\u0165ahovej v\u00e4zby medzi rodi\u010dom a\u00a0die\u0165a\u0165om.<br \/>\nV roku 2011 z\u00edskala ocenenie \u201e Distinguished Service Award\u201c od asoci\u00e1cie Arizona Play Therapy Association a\u00a0v\u00a0roku 2012 cenu Sierra Tucson \u201eHope Award\u201c.<\/p>\n<p><img decoding=\"async\" class=\"alignnone size-full wp-image-2676\" src=\"https:\/\/terrainweb.sk\/wp-content\/uploads\/2023\/02\/ana_portrait.jpg\" alt=\"\" width=\"187\" height=\"223\" \/><\/p>\n","protected":false},"excerpt":{"rendered":"<p>Terrain s.r.o. v spolupr\u00e1ci s TerrainPro s.r.o. v\u00e1s poz\u00fdvaj\u00fa na online worksop pod veden\u00edm Any Gomez Poz\u00fdvame V\u00e1s na online workshop Agresivita u det\u00ed v kontexte komplexnej traumy pod veden\u00edm psychoterapeutky Any M. G\u00f3mez, ktor\u00e1 sa dlhodobo venuje t\u00e9me traumy, predn\u00e1\u0161a a\u00a0vedie semin\u00e1re po celom svete. Workshop bude veden\u00fd v anglickom jazyku s prekladom do  [&#8230;]<\/p>\n","protected":false},"author":2,"featured_media":2841,"comment_status":"closed","ping_status":"closed","template":"","tags":[],"mec_category":[33],"class_list":["post-2842","mec-events","type-mec-events","status-publish","has-post-thumbnail","hentry","mec_category-aktualne"],"_links":{"self":[{"href":"https:\/\/terrainweb.sk\/index.php?rest_route=\/wp\/v2\/mec-events\/2842","targetHints":{"allow":["GET"]}}],"collection":[{"href":"https:\/\/terrainweb.sk\/index.php?rest_route=\/wp\/v2\/mec-events"}],"about":[{"href":"https:\/\/terrainweb.sk\/index.php?rest_route=\/wp\/v2\/types\/mec-events"}],"author":[{"embeddable":true,"href":"https:\/\/terrainweb.sk\/index.php?rest_route=\/wp\/v2\/users\/2"}],"replies":[{"embeddable":true,"href":"https:\/\/terrainweb.sk\/index.php?rest_route=%2Fwp%2Fv2%2Fcomments&post=2842"}],"wp:featuredmedia":[{"embeddable":true,"href":"https:\/\/terrainweb.sk\/index.php?rest_route=\/wp\/v2\/media\/2841"}],"wp:attachment":[{"href":"https:\/\/terrainweb.sk\/index.php?rest_route=%2Fwp%2Fv2%2Fmedia&parent=2842"}],"wp:term":[{"taxonomy":"post_tag","embeddable":true,"href":"https:\/\/terrainweb.sk\/index.php?rest_route=%2Fwp%2Fv2%2Ftags&post=2842"},{"taxonomy":"mec_category","embeddable":true,"href":"https:\/\/terrainweb.sk\/index.php?rest_route=%2Fwp%2Fv2%2Fmec_category&post=2842"}],"curies":[{"name":"wp","href":"https:\/\/api.w.org\/{rel}","templated":true}]}}

Agresivita u detí v kontexte komplexnej traumy

<p><em>Terrain s.r.o. v spolupráci s TerrainPro s.r.o. vás pozývajú na online worksop pod vedením Any Gomez</em></p>
<p>Pozývame Vás na online workshop <strong>Agresivita u detí v kontexte komplexnej traumy</strong> pod vedením psychoterapeutky<strong> Any M. Gómez,</strong> ktorá sa dlhodobo venuje téme traumy, prednáša a vedie semináre po celom svete.<br />
<strong>Workshop bude vedený v anglickom jazyku s prekladom do slovenčiny.</strong> Materiály, ktoré účastníci obdržia budú preložené do slovenského jazyka.</p>
<h2><span style="color: #0000ff;"><em><a style="color: #0000ff;" href="https://docs.google.com/forms/d/e/1FAIpQLSd6_RApofJ8xMLdC8K38d7kuJ5mXnznwxwTjG0ZqR14d5dJDw/viewform?usp=preview"><span style="text-decoration: underline;">Online prihlásenie TU/ link for registration </span></a></em></span></h2>
<p><strong><em>Workshop je určený všetkým odborníkom, ktorí pracujú s deťmi a rodinami v terapeutickej praxi, v poradenstve, s rodinami v náhradnej a pestúnskej starostlivosti a zaujíma ich téma traumy. </em></strong></p>
<p>Toto vzdelávanie je voľným pokračovaním posledného vzdelávania s Anou Gomez, ktoré bolo zamerané na adaptačné mechanizmy. Absolvovanie predchádzajúceho vzdelávania však nie je podmienkou, workshop je otvorený pre všetkých odborníkov, ktorí pracujú s traumou.</p>
<p>Agresivita v kontexte komplexnej traumy: fázovo orientovaný a multimodálny prístup<br />
Každodenné fungovanie traumatizovaných detí prináša veľké požiadavky na ich samoreguláciu (seba – organizáciu). Agresivita (ako vyjadrenie obrany) tak slúži na splnenie nárokov spolužitia s okolím. Jednou z najväčších výziev v práci detských terapeutov, je práve agresivita zameraná na iných. Tieto deti „nesú“ impulzívne reakcie, rigidné formy sebaochrany, internalizáciu zraňujúcich vzťahových osôb a časti páchateľa, neisté a dezorganizované vnútorné pracovné<br />
modely, <strong>dysregulované autonómne stavy a hanbu.</strong><br />
Táto prezentácia poskytne teoretický a klinický rámec na porozumenie a možnosti práce s agresivitou a hostilitou u detí. Sprostredkujeme vám tipy a príklady ako pracovať s nepriateľskými a agresívnymi časťami u detí, s rešpektom k ich vývinovým kapacitám.</p>
<p><em><strong>Dátum: 27.06.2025</strong></em><br />
<em><strong>Miesto: online priestor-platforma ZOOM</strong></em><br />
<em><strong>Cena: 130 Eur</strong></em><br />
<em><strong>Časový rozsah: začiatok o 14,00hod. (registrácia sa otvára 13:30), predpokladaný koniec medzi 21,00 a 22,00hod. </strong></em></p>
<h3><em><strong>Zo stretnutia nebudeme vyhotovovať zvukový ani obrazový záznam.</strong></em></h3>
<p><strong><em>O lektorke:</em></strong></p>
<p><strong>Ana M Gómez</strong> – MC, LPC je zakladateľkou a riaditeľkou inštitútu AGATE vo Phoenixe, AZ. Je psychoterapeutkou, autorkou a medzinárodne prednáša o komplexnej a vývinovej traume u detí a adolescentov, generačnej traume a disociácii a o ich liečbe. Ana viedla workshopy a školenia<br />
venované odbornej verejnosti po celom svete. Je členkou Medzinárodnej spoločnosti pre štúdium traumy a disociácie (ISSTD).<br />
Ana je taktiež autorkou EMDR terapie zameranej na prácu s deťmi v oblasti komplexnej traumy, vzťahovej väzby a disociácie a autorkou článkov o využití EMDR terapie u detí a adolescentov.<br />
Napísala viaceré detské knižky, vyvinula množstvo intenzívnych tréningových programov a protokolov, ktoré zahŕňajú EMDR – Sandtray Protokol a Systemický protokol, EMDR –Informovaný program na liečbu medzigeneračnej traumy a vzťahovej väzby medzi rodičom a dieťaťom.<br />
V roku 2011 získala ocenenie „ Distinguished Service Award“ od asociácie Arizona Play Therapy Association a v roku 2012 cenu Sierra Tucson „Hope Award“.</p>
<p><img decoding="async" class="alignnone size-full wp-image-2676" src="https://terrainweb.sk/wp-content/uploads/2023/02/ana_portrait.jpg" alt="" width="187" height="223" /></p>

<p>Terrain s.r.o. v spolupráci s TerrainPro s.r.o. vás pozývajú na online worksop pod vedením Any Gomez Pozývame Vás na online workshop Agresivita u detí v kontexte komplexnej traumy pod vedením psychoterapeutky Any M. Gómez, ktorá sa dlhodobo venuje téme traumy, prednáša a vedie semináre po celom svete. Workshop bude vedený v anglickom jazyku s prekladom do  [&#8230;]</p>
